is divided by 34?
30
Suppose -153 = -8*m + 775. Calculate the remainder when m is divided by 39.
38
Suppose 0 = y + 3*h - 11, -2*y - 3*y - 2*h + 42 = 0. Let r(o) = -o**3 - 25*o**2 - 28*o - 58. Calculate the remainder when r(-24) is divided by y.
6
Suppose f = -0*f - 5*f. Suppose q + 169 = 3*y, -5*q - 61 = -y - f. What is the remainder when y is divided by 15?
11
Suppose 144*l + 4022 = 10502. What is the remainder when 224 is divided by l?
44
Let q = 103 + -73. Let g = q + -13. What is the remainder when g is divided by 10?
7
Suppose -10*k + 69 = -31. Suppose -5*t - i + 93 = 0, 2*t + 0*i + 2*i - 42 = 0. What is the remainder when t is divided by k?
8
Let y = 28 + -8. Let f be ((-118)/4)/(1/2). Calculate the remainder when 0 - 0 - (f + 0) is divided by y.
19
What is the remainder when 0 + 2/(-3) - 1071/(-27) is divided by 14?
11
Suppose 0 = 2*d + 4*t - 490, -485 = -2*d + 126*t - 129*t. What is the remainder when d is divided by 47?
0
Let h = 20 + -11. Let m = -6 + h. Calculate the remainder when m is divided by (4 + -1)/(1 - 0).
0
Suppose 46 = 2*l + 5*s, l - 5 = s + 4. Let z(g) = 5*g - 40. What is the remainder when 4/(-14) + 870/7 is divided by z(l)?
24
Let j = 633 + -618. Calculate the remainder when 434 is divided by j.
14
Let x(a) = 5*a**2 + 5*a - 3. Let z(y) = -y + 7. Let b be z(3). Suppose -2*v = -b*v + 30. Calculate the remainder when x(-4) is divided by v.
12
Suppose -22*w + 702 = 5*a - 26*w, -2*w = -5*a + 696. What is the remainder when 958 is divided by a?
130
Suppose 3*f + 257 = s - 267, f = -2*s - 184. Let r = f + 291. Let o(d) = -2*d + 1. What is the remainder when r is divided by o(-6)?
11
Suppose -2*p - 5 = -47. Suppose -2*z + 3*z - 574 = 0. Suppose -3*u - z = -10*u. What is the remainder when u is divided by p?
19
Let o be ((-3180)/8 + 3)*(-2)/(-3). Let h = -114 - o. Calculate the remainder when h is divided by 19.
16
Suppose 5*m - 413 = -o, -252 = -5*m - 5*o + 173. Let n = -43 + m. Let z(q) = 2*q**2 - 6*q. What is the remainder when n is divided by z(5)?
19
Let u be (-109)/2 + 1/(-2). Let w = -25 - u. What is the remainder when w is divided by 63/4 - 1/(-4)?
14
Suppose y = 97 - 5. Calculate the remainder when y is divided by 19.
16
Let l(v) = 102*v. Suppose 3*h - 18 = 4*s, 8 = -3*s + h - 3. Let g be s*3/(-9) + 0. Calculate the remainder when l(g) is divided by 15.
12
Let o = 17 - -1. Let v(h) = 5*h**3 - h**2 - h + 1. Let n be v(1). Suppose -10 - o = -n*c. Calculate the remainder when c is divided by 5.
2
Let z = -11 + 21. Let d = -4 - -6. Suppose -2 = d*u, 0*m + 3*m = -3*u + 144. Calculate the remainder when m is divided by z.
9
Let b(z) = -2*z + 4. Suppose 56 = -3*d + 7*d. Suppose -d*q + 17*q = 162. What is the remainder when q is divided by b(-5)?
12
Let p = 49 - 17. Suppose p = 5*h + 2*w - 63, -5*h + 2*w + 115 = 0. Let u(j) = 6*j**3 - 3*j**2 + 4*j - 3. Calculate the remainder when u(2) is divided by h.
20
Let s(v) = -2*v**2 - 28*v + 2. Let q be s(-14). Suppose -2*c - q*w + 32 = 0, 37 = 2*c + 2*w - 5*w. Calculate the remainder when 134 is divided by c.
15
Let m(p) = -p + 14. Let g(k) = -19 + 49 + 4*k + 8. What is the remainder when g(11) is divided by m(0)?
12
Suppose 0 = 8*t - 5*t + 2*t. Suppose t = l - h + 3*h - 71, 0 = 5*l + 5*h - 360. What is the remainder when l is divided by 19?
16
Calculate the remainder when 3378 is divided by 3 + 11 + 156 + -9.
158
Suppose -4*h - 6115 = -6191. What is the remainder when 207 is divided by h?
17
Let t = -13 + 18. Suppose -2*d + 2*x + 16 = -x, -54 = -t*d + 4*x. What is the remainder when d is divided by 6?
2
Let n(p) be the first derivative of -p**2/2 + 13*p + 14. What is the remainder when 83 is divided by n(-8)?
20
Suppose 23 + 1 = -2*a. Calculate the remainder when a/(-3) + (-16)/(-1) is divided by 8.
4
Let m = 122 + -229. Let a = m + 151. What is the remainder when a is divided by 15?
14
Suppose 0 = 30*g + 10*g - 600. Let r be (12/10)/((-4)/(-10)). Suppose r*d + 43 = 4*d. What is the remainder when d is divided by g?
13
Suppose 5*n + 4*x = 729, 3*n - 4*x = -0*n + 463. What is the remainder when n is divided by 64?
21
Let i = -127 - -202. Calculate the remainder when i is divided by 22.
9
Let o(x) = -2*x**3 - 4*x**2 - x + 4. Suppose -32 = -4*y + 8. What is the remainder when o(-3) is divided by y?
5
Let w(f) = 2*f**2 + 61*f + 31. What is the remainder when 21 is divided by w(-30)?
0
Suppose 32*r + 114 = 51*r. What is the remainder when 81 is divided by r?
3
Suppose -195*b - 3*k = -199*b + 92, 4*b - 60 = -5*k. What is the remainder when 756 is divided by b?
16
Let j be 92/(-10) + (-42)/15 + 3. Suppose -11 = 4*a - 35. Let n = a - j. Calculate the remainder when 59 is divided by n.
14
Let i = -336 + 373. What is the remainder when 65 is divided by i?
28
Let f = 212 - 182. Calculate the remainder when 59 is divided by f.
29
Let b = 13 - -5. Let f = b - -43. Calculate the remainder when f is divided by 31.
30
Suppose x - 2*l - 27 = 2*l, -4*l = 3*x - 1. Calculate the remainder when (-621)/(-33) - (-6)/33 is divided by x.
5
Suppose -6*b + 1413 - 1257 = 0. What is the remainder when b is divided by -12*4/(-6) + 1?
8
Let b = -24 + 42. Let k(t) = 10*t**2 - 2*t - 1. Let c be k(-2). Let s = -38 + c. What is the remainder when b is divided by s?
3
Suppose 23*v - 2055 = 199. Calculate the remainder when 289 is divided by v.
93
Suppose -23 = -3*p + 25. What is the remainder when p is divided by (-2 - 18)*2/(-4)?
6
Let c(y) = 5*y. Let n be c(3). Suppose 6*x - x = 285. Calculate the remainder when x is divided by n*6/(-9)*-2.
17
Suppose -6*u + 152 = -52. Let a = -15 + u. What is the remainder when 75 is divided by a?
18
Suppose 32 = v + 5*m, 6*m - 3 = 3*m. Calculate the remainder when 188 is divided by v.
26
Suppose -k + 5*j = -15, -5*j = -5*k + 122 + 13. Calculate the remainder when 52 is divided by k.
22
Let p(g) = -g**3 + 14*g**2 + 2*g - 19. Calculate the remainder when 116 is divided by p(14).
8
Let l(r) be the first derivative of -r**2 + 6*r + 3. Let n be l(-6). Suppose 19*w - n*w = 4. Calculate the remainder when 13 is divided by w.
1
Suppose 3*i - 2*q = -i - 140, q + 4 = 0. Let b = i + 50. What is the remainder when 37 is divided by b?
11
Calculate the remainder when 60 is divided by (1 - 35/28)*-76.
3
Let a(s) = -6*s - 19. Let n(d) = 5*d + 18. Let i(v) = 4*a(v) + 5*n(v). Let u = -16 - -31. Calculate the remainder when u is divided by i(-6).
7
Let d = -1347 - -1410. Calculate the remainder when 349 is divided by d.
34
Let z(a) = 3*a - 5. Suppose -4*d = 4*v - 8*v + 80, 0 = -5*v - 2*d + 135. Calculate the remainder when v is divided by z(6).
12
Suppose -x + 42 = -4*z, 8*x - 279 = 3*x - 3*z. Calculate the remainder when x is divided by 33.
21
Suppose -4*h = -i - 87, -4*h + 26*i + 81 = 27*i. What is the remainder when 732 is divided by h?
18
Let m(i) = -5*i + 55. Let p(o) = -o**3 - 4*o**2 + 5*o - 13. Calculate the remainder when m(0) is divided by p(-6).
26
Let k(a) = 48*a**3 - a**2 - a + 1. Let y(d) = d**3 + 7*d**2 + 7*d - 14. Let m be y(-5). What is the remainder when k(m) is divided by 17?
13
Let x = 158 + -125. Calculate the remainder when 128 is divided by x.
29
Suppose 2*z = 0, 5*c + 6 - 21 = 5*z. Suppose -b = b. Suppose 2*q + 2 + 14 = 4*t, b = t - 5. What is the remainder when c is divided by q?
1
Suppose -q + 4*i + 173 = 0, 0 = 4*q - 2*i + 168 - 818. Calculate the remainder when q is divided by 25.
11
Let w(y) = -y**2 - 47*y - 129. What is the remainder when w(-43) is divided by 9?
7
What is the remainder when 155 is divided by ((-91)/77)/((-5)/55)?
12
Suppose -3*j + 5*j = 2*s - 10, s = 5. Suppose 9*f - 3451 + 715 = j. Calculate the remainder when f is divided by 51.
49
Suppose k = -0*k + 12. What is the remainder when 1/(127/(-86) - (-9)/6) is divided by k?
7
Let s = 20 - 4. Let z = -4 + 6. Calculate the remainder when (s - (-3 + z)) + 0 is divided by 9.
8
Suppose 4*h - 93 = 175. Suppose -68*c + h*c + 30 = 0. Calculate the remainder when c is divided by 22.
8
Suppose -2*b = u + 11 - 29, 36 = 2*u + b. Calculate the remainder when 33 is divided by u.
15
Suppose 0 = j - 1, -317 = -7*k + 2*k + 3*j. Suppose -20 - k = -6*p. What is the remainder when p is divided by (1 - 0)*5*1?
4
Let l = 118 - -2. Suppose 0 = t - 13*t + l. Calculate the remainder when 129 is divided by t.
9
Suppose 0 = 4*p